t is w(-18)?
-4
Let h(k) = 1187*k + 1125. Give h(-1).
-62
Let i(s) = -1705*s - 11942. Give i(-7).
-7
Let s(n) = 23*n**3 - 29*n**2 - 3*n + 4. Determine s(1).
-5
Let r(v) = 2*v**2 + 3*v + 10. Give r(-4).
30
Let v(f) = -28*f - 16. Determine v(-2).
40
Let v(d) = 19*d - 2193. Give v(110).
-103
Let q(o) = 56*o - 586. Determine q(10).
-26
Let a(l) = l**3 + 6*l**2 + 2*l - 12. Calculate a(5).
273
Let x(i) = 1020*i + 3040. Give x(-3).
-20
Let u(a) = 3*a**3 + 4*a**2 - 13*a - 28. What is u(3)?
50
Let i(u) = u**3 + 11*u**2 + 9*u - 38. Determine i(-9).
43
Let j(g) = -91*g + 529. Calculate j(6).
-17
Let g(t) = 13*t**2 + 287*t - 33. Give g(-22).
-55
Let o(v) = 54*v - 22. Give o(4).
194
Let v(a) = 1575*a - 1525. Calculate v(1).
50
Let q(p) = -66*p - 2904. What is q(-44)?
0
Let k(t) = 314*t + 1573. What is k(-5)?
3
Let d(c) = 3*c**3 + 412*c**2 + 2491*c + 236. Determine d(-131).
-26
Let z(g) = 16*g**2 + 235*g - 22. Give z(-15).
53
Let f(t) = -80*t + 383. Determine f(5).
-17
Let s(g) = -g**2 - 30*g + 66. Calculate s(-31).
35
Let j(l) = 1385*l - 6939. What is j(5)?
-14
Let a(h) = 4159*h - 182993. What is a(44)?
3
Let q(v) = -14*v**2 - 209*v + 11. Determine q(-15).
-4
Let h(u) = u**3 - 77*u**2 + 1272*u - 9. Calculate h(24).
-9
Let d(u) = 4*u**2 - 45*u + 122. Calculate d(5).
-3
Let a(n) = -n**2 - 559*n + 38502. Give a(62).
0
Let h(a) = a**2 + 145*a + 2138. Give h(-128).
-38
Let n(z) = z**2 - 124. Give n(-8).
-60
Let v(c) = -c**3 + 9*c**2 - 20*c + 54. What is v(7)?
12
Let x(r) = -55*r + 1207. Determine x(21).
52
Let k(g) = g**2 - 48*g + 158. What is k(50)?
258
Let b(m) = -261*m - 19054. What is b(-73)?
-1
Let v(c) = -2*c**2 + 16*c - 45. What is v(8)?
-45
Let x(z) = z**3 - 9*z**2 - 54*z + 309. What is x(5)?
-61
Let f(b) = b**3 - b**2 + 41*b + 107. Determine f(-3).
-52
Let r(x) = -x**3 + x**2 - 62*x + 319. Calculate r(5).
-91
Let f(u) = -3*u**3 + 15*u**2 + 10*u + 236. What is f(7)?
12
Let u(v) = -71*v - 484. Determine u(-7).
13
Let y(s) = 2*s**3 - 2*s**2 - 4*s + 5. What is y(1)?
1
Let x(n) = -1289*n**2 + 23201*n + 16. Give x(18).
-2
Let w(v) = 7*v + 99. Calculate w(-29).
-104
Let r(w) = -w**3 + 28*w**2 + 65*w - 156. Give r(30).
-6
Let h(g) = 246*g - 3775. Determine h(16).
161
Let b(v) = -v**2 + 53*v - 1285. Determine b(35).
-655
Let i(t) = 69*t - 304. Give i(4).
-28
Let s(z) = -z**2 + 7*z - 25. Determine s(7).
-25
Let c(t) = -t**3 - 16*t**2 - 82*t - 12. Calculate c(-5).
123
Let v(s) = 243*s**3 - 18*s**2 - 15*s + 1. Determine v(-1).
-245
Let w(c) = -c**2 - 619*c + 9505. Determine w(15).
-5
Let f(r) = -31*r + 1756. Determine f(57).
-11
Let g(i) = 133*i - 162. Determine g(-2).
-428
Let k(u) = -402*u + 9676. Calculate k(24).
28
Let i(d) = -95*d - 4964. Determine i(-47).
-499
Let d(x) = -29*x + 1518. Determine d(62).
-280
Let w(a) = 2*a**3 + 3*a + 181. Calculate w(0).
181
Let z(b) = 168*b + 6325. Give z(-38).
-59
Let v(t) = -27*t - 1701. Give v(-63).
0
Let m(c) = -c**2 - 15280*c - 167952. Calculate m(-11).
7
Let w(u) = -92*u - 283. Determine w(-9).
545
Let i(u) = 6*u + 146. What is i(-37)?
-76
Let q(v) = -v**2 + 170*v + 1614. What is q(-9)?
3
Let t(r) = -66*r - 296. Determine t(-9).
298
Let d(u) = -15*u - 652. Calculate d(-32).
-172
Let l(t) = 5*t + 225. What is l(-36)?
45
Let a(w) = -44*w**3 + 836*w**2 - 3*w + 73. Determine a(19).
16
Let m(c) = -c**3 - 47*c**2 - 47*c + 9. Give m(-46).
55
Let d(i) = -1212*i - 2. Determine d(0).
-2
Let l(p) = -p**3 - 10*p**2 - 13*p - 73. What is l(-7)?
-129
Let b(v) = 22*v**3 - 332*v**2 + 33*v - 58. Give b(15).
-13
Let k(r) = -18*r**2 - 1428*r + 945. Give k(-80).
-15
Let v(g) = g + 40. Calculate v(-40).
0
Let g(s) = s**3 + 4*s**2 - 17*s - 21. Determine g(-7).
-49
Let y(l) = -10*l**2 + 18*l - 40. What is y(4)?
-128
Let m(a) = a**3 - 27*a**2 + 31*a - 83. Determine m(26).
47
Let b(t) = -51*t**2 - 33*t + 16. What is b(-2)?
-122
Let x(v) = v**2 - 43*v - 4. Give x(7).
-256
Let y(t) = t**3 - 33*t**2 + 34*t - 55. Determine y(32).
9
Let h(k) = -k**2 + 8*k + 55. What is h(-8)?
-73
Let p(s) = 11*s**3 - 179*s**2 + 44*s + 73. What is p(16)?
9
Let j(z) = -20*z**2 + 81*z - 28. Calculate j(3).
35
Let p(l) = l**2 - 3*l + 44. Calculate p(7).
72
Let h(g) = g**3 - 95*g**2 + 2073*g + 55. Give h(34).
21
Let k(b) = 26*b - 316. Give k(-5).
-446
Let j(b) = b**2 + 18*b + 62. Give j(-6).
-10
Let c(v) = -v**2 - 399*v - 2357. Determine c(-6).
1
Let g(d) = -d**3 - 16*d**2 - 2*d - 5. Give g(-16).
27
Let y(c) = -8*c**2 + 66*c + 17. Determine y(13).
-477
Let s(m) = -203*m + 2453. Calculate s(12).
17
Let t(z) = 3*z**3 - 10*z**2 - z - 7. Calculate t(5).
113
Let d(r) = -289*r - 5112. Calculate d(-18).
90
Let c(f) = -f**3 + 146*f**2 - 429*f - 67. Determine c(143).
-67
Let z(d) = 971*d + 7762. What is z(-8)?
-6
Let x(c) = 21*c**3 - 2*c**2 - 6*c + 7. Determine x(1).
20
Let h(r) = r**3 - 65*r**2 + 179*r + 330. Calculate h(62).
-104
Let x(z) = -436*z + 8699. What is x(20)?
-21
Let g(y) = -y**3 - 22*y**2 - 42*y + 57. Determine g(-20).
97
Let j(i) = -2*i**3 - 10*i**2 + 11*i - 8. What is j(-6)?
-2
Let k(l) = -2048*l - 12336. Calculate k(-6).
-48
Let y(x) = -17*x + 450. Give y(20).
110
Let c(a) = 3*a**2 - 120*a - 350. Give c(43).
37
Let b(x) = -x**3 - 39*x**2 + 4*x + 348. What is b(-39)?
192
Let w(r) = r**3 + 23*r**2 - 77*r + 7. Determine w(3).
10
Let m(h) = 26*h**2 + 336*h + 936. Determine m(-9).
18
Let j(y) = 2*y**3 - 4*y**2 - 7*y + 40. Give j(4).
76
Let j(b) = b**3 - 19*b**2 - 36*b + 304. What is j(20)?
-16
Let h(u) = u**2 + 17*u + 29. Give h(-9).
-43
Let i(g) = -13*g**3 + 1884*g**2 + 144*g + 150. Determine i(145).
5
Let x(d) = 2*d**2 + 3*d - 164. Give x(8).
-12
Let s(w) = -2*w**3 - 81*w**2 + 165*w + 1632. What is s(-42)?
-6
Let x(h) = 18*h**3 - 3*h**2 + 11*h + 7. What is x(3)?
499
Let a(f) = 3*f**2 - 14*f - 21. Give a(6).
3
Let w(i) = -i**2 + 3*i + 73. Calculate w(28).
-627
Let q(t) = -724*t - 7245. Calculate q(-10).
-5
Let z(c) = c**2 - 27*c + 166. Give z(8).
14
Let q(d) = -817*d + 7461. Calculate q(9).
108
Let d(m) = -1764*m + 1760. Determine d(1).
-4
Let l(p) = 2*p**2 + 59*p + 211. Calculate l(-22).
-119
Let k(x) = 7*x**2 + 82*x - 36. Calculate k(-12).
-12
Let f(b) = 55*b**2 + 8138*b - 277. What is f(-148)?
19
Let x(t) = t**3 - 28*t**2 + 30*t + 29. What is x(27)?
110
Let c(a) = a**3 + 70*a**2 - 240*a - 1537. Determine c(-73).
-4
Let c(m) = -2*m**3 - 162*m**2 - 316*m - 10. Determine c(-79).
-10
Let q(w) = w**2 + 320*w - 1303. Calculate q(4).
-7
Let i(o) = 3*o**2 + 7*o + 24. Determine i(-8).
160
Let v(z) = -4*z**2 - z - 11. Calculate v(6).
-161
Let v(l) = 116*l - 1264. What is v(11)?
12
Let b(d) = d**3 + 54*d**2 - 51*d + 218. Determine b(-55).
-2
Let a(n) = -3*n**2 - 778*n + 5620. Give a(7).
27
Let t(h) = h**3 + 11*h**2 + 504*h + 4935. Give t(-10).
-5
Let o(y) = -107*y + 1613. Calculate o(15).
8
Let d(k) = 27*k + 311. Determine d(-12).
-13
Let p(b) = -37*b**3 - b**2 + 11*b + 24. Calculate p(0).
24
Let c(s) = 9*s**3 + 27*s**2 + s - 42. What is c(-5)?
-497
Let p(x) = -x**3 + 52*x**2 - 99*x - 47. Calculate p(50).
3
Let c(p) = p**3 + 11*p**2 + 12*p - 20. Calculate c(-8).
76
Let k(m) = 3*m**3 + 73*m**2 - 215*m + 27. Calculate k(-27).
0
Let i(z) = -z**3 - 10*z**2 + 58*z - 3. Determine i(-14).
-31
Let g(b) = b + 14. Calculate g(-20).
-6
Let a(w) = w**3 + 17*w**2 + 74*w + 18. Calculate a(-11).
-70
Let m(b) = b**3 - 11*b**2 + 19*b - 31. Determine m(8).
-71
Let b(f) = f**3 - 19*f**2 + 9*f + 135. Determine b(18).
-27
Let b(n) = 2*n**3 + 75*n**2 - 133*n - 82. Give b(-39).
542
Let u(v) = 1728*v + 17305. What is u(-10)?
25
Let a(z) = z**3 - 35*z**2 - 210*z + 168. Give a(40).
-232
Let w(n) = -1691*n + 18631. What is w(11)?
30
Let o(d) = 20*d**2 - 267*d + 539. What is o(2)?
85
Let l(a) = 2*a**3 + 7*a**2 + 4*a - 4. Determine l(-3).
-7
Let d(j) = -112*j**2 + 4597*j - 88. Give d(41).
117
Let k(x) = x**2 - 38*x + 80. Determine k(39).
119
Let b(q) = -6*q**2 - 311*q + 127. Determine b(-53).
-244
Let r(t) = -2058*t - 8284. What is r(-4)?
-52
Let u(z) = -z**3 - 19*z**2 - 17*z + 36. Give u(-18).
18
Let m(g) = -g**3 + 153*g**2 - 1816*g - 588. Calculate m(140).
-28
Let b(g) = 19*g**2 + 26*g - 66. Calculate b(3).
183
Let c(w) = 667*w - 133406. What is c(200)?
-6
Let h(w) = -3*w**3 + 110*w**2 + 30*w + 78. Calculate h(37).
-181
Let p(d) = 2*d**2 + 30*d + 116. Calculate p(-5).
16
Let w(m) = 42*m - 2202. Ca